te?
True
Let i(q) = 37*q**2 + 85*q + 83. Is i(-53) composite?
True
Let g be (1 - 45/55) + (-260)/(-22). Suppose -5*p = -p - 4*a + g, -3*a = 2*p - 19. Suppose 5*l = -p*l + 9737. Is l prime?
False
Let n be 1808/(-24)*(-99)/(-6). Let y = -714 - n. Let j = y - 48. Is j prime?
False
Let s = 512308 - 64827. Is s prime?
True
Let i(y) be the third derivative of y**5/30 + 5*y**4/3 - 23*y**3/6 + 3*y**2 - 8. Is i(38) a prime number?
False
Let x(f) = -f**3 + 3*f**2 + 21*f - 18. Let n be x(6). Suppose n = -11*j + 15*j - 6628. Is j a prime number?
True
Suppose -160333 = -50*m + 3353217. Is m composite?
False
Suppose 6*i + 2746 - 832 = 0. Let f = i + 1206. Is f a composite number?
False
Let n = -212 - -88. Let h = n + 12. Let k = 323 + h. Is k composite?
False
Let i = 16149 + 28792. Is i a composite number?
True
Let q(d) = -4055*d - 7641. Is q(-38) prime?
True
Let o(z) = -5*z**3 + 7*z**2 + 24*z + 149. Is o(-10) a composite number?
True
Let l(n) = -340*n**3 - 14*n**2 - 64*n - 83. Is l(-6) prime?
True
Let c = -34810 + 49319. Is c prime?
False
Let f(q) = 2292*q + 421. Is f(6) a composite number?
False
Let w = 4121 - 7595. Let q = w - -6145. Is q a composite number?
False
Suppose 5*w - 1 = -4*b, 5*b - b = 4*w + 28. Let x be w*-2*(-2)/(-6). Suppose -4*o + 3*o = x*z - 1054, 0 = -3*o. Is z a prime number?
False
Let w(u) = -u**3 - 36*u**2 - 66*u + 68. Let x be w(-34). Suppose h = -x*h + 15659. Is h prime?
False
Let o(l) = l**2 + 10*l + 13. Let t be o(-6). Let w be 7/8*2 - t/44. Is (-711 + w)/((-7)/7) composite?
False
Is 3567377/11 + 5 + 7 composite?
False
Suppose -3*h = s + 346 + 4882, 2*h + 3457 = 5*s. Let f = h - -5432. Is f composite?
False
Suppose -2435 = 7*q - 12592. Let g = 2854 - q. Is g a composite number?
True
Suppose 0 = -5*h + 2*y + 20378, 3*h - 13*y - 12233 = -18*y. Let f = 7619 - h. Is f a composite number?
True
Let h = -1742044 + 2712435. Is h prime?
True
Let t(m) = -m**2 - 6*m + 2. Let i be t(-6). Suppose 2*d - 2*v + i = 0, -d + 4*v - 6 = 7. Suppose d*p - 12 = 0, 2*f - 828 = -2*f + 4*p. Is f a composite number?
False
Suppose 0 = -2*q - 4*d + 9855 - 1469, 3*q - 5*d = 12623. Is q prime?
True
Let k be (1 - 32700/2)/(113/(-1130)). Suppose -101*n - k = -111*n. Is n a prime number?
True
Let v be 1/(2/(2 - 62)). Let d be (21 + 0)*v/(-9). Suppose -17*p = -22*p + d. Is p composite?
True
Let y(a) = 10*a**2 - 9*a - 21. Let r(z) = -20*z**2 + 18*z + 41. Let t(w) = -4*r(w) - 7*y(w). Let b be t(-7). Let i = 1093 - b. Is i a composite number?
False
Let y = 224 + 552. Suppose 0*a = a - 5*l + y, -a - l - 776 = 0. Let d = -445 - a. Is d prime?
True
Let a(f) = 94*f**2 - 4*f - 8. Let j be a(-6). Suppose 3*d - 1391 = j. Is d composite?
False
Let w(l) = -l**2 - 14*l - 11. Let o be w(-13). Suppose 0 = -6*p + 3*p - 5*r + 64, 0 = o*p + 4*r - 46. Suppose 4575 = -p*t + 16106. Is t composite?
False
Suppose 0*c - c + 1012 = 0. Let t(u) = 28*u + 117. Let y be t(-4). Suppose y*p - c = -3*a, -2*a + a + 314 = -3*p. Is a prime?
False
Suppose k + 3*d - 1 = -4, -d + 7 = 3*k. Suppose -3*u = -4*y + 13, 2*u + 15 = k*y + 5*u. Suppose 8 = y*m, -m - 3287 = 4*f - 11501. Is f prime?
True
Is (381227 - 76/19)/1 a composite number?
False
Let g(a) be the first derivative of -89*a**2 + 21*a + 266. Is g(-5) a composite number?
False
Let x(i) = 89 - 84 + 3*i + 29*i + 6*i**2. Is x(-23) a prime number?
False
Is 26640835/143 - ((-189)/77 + 3) a composite number?
False
Let k(q) = -128*q**3 - q**2 - 2*q - 1. Let x be k(-1). Suppose 0 = -5*z - 2*m - 301, 0 = 2*z + 5*m - 2 + 135. Let u = z + x. Is u a prime number?
False
Let n be 1898 - (-6 - -2)/2. Let b = -621 + -410. Let g = n + b. Is g a composite number?
True
Let l = -7413 - -14641. Suppose -17076 = -4*t + s, 14117 = 5*t - 3*s - l. Is t composite?
True
Suppose 12*p = -16*p + 3*p + 3419275. Is p a prime number?
False
Let x(w) = 29*w + 65. Let g be x(8). Is 267/(((-9)/g)/(2/(-18))) a composite number?
True
Let g be ((-5)/(-3))/((-40)/(-120)). Suppose -3*d + 2*l = -5079, -13*d + g*l = -10*d - 5079. Is d a prime number?
True
Suppose -4*t + 12 = -4*k, 6 = 5*k - 2*k + 2*t. Suppose -2*z = 4*c - 44270, -2*z + c = -k*z - 44285. Is z composite?
True
Let z = 186 - 184. Suppose r = -z*r + 7971. Is r a prime number?
True
Let h = -469079 - -1042200. Is h a prime number?
False
Suppose -31*p + 24*p + 14 = 0. Suppose 4*j = l - 2769, -p*l - 2*j + 3*j = -5552. Is l prime?
True
Let h = 141 + -44. Let d = 760 - h. Let z = d - 398. Is z a prime number?
False
Suppose -n + 4*p + 18740 + 56893 = 0, -n = p - 75663. Is n a prime number?
False
Let r(j) = -756*j + 9227. Is r(-44) prime?
True
Suppose 153*h - 91153450 + 16306003 = 0. Is h a prime number?
False
Let b(f) = -226*f**2 - 60*f - 10. Let o(y) = 76*y**2 + 20*y + 3. Let u(k) = 2*b(k) + 7*o(k). Is u(4) composite?
False
Suppose -4 - 2 = -3*w - 3*b, -2*b - 31 = -5*w. Suppose 0 = 24*c - 87900 - 28716. Suppose 3*y = 2*f - c, -y = -w*y + 20. Is f a composite number?
False
Let h(x) be the third derivative of 0 + 1/120*x**6 + 1/6*x**3 + 0*x - 1/20*x**5 - x**2 + 0*x**4. Is h(5) prime?
False
Is 5685540/150 + 6/(-10) + (-2 - 0) prime?
False
Let n(z) = -64175*z**3 - 84*z**2 - 169*z - 5. Is n(-2) prime?
True
Let y(l) = 118481*l**3 - l**2 - 27*l + 28. Is y(1) composite?
True
Let a(z) = -2*z**2 + 17*z + 21. Let b be a(10). Let r(f) be the first derivative of -f**4/4 - 2*f**3 + f**2/2 - 13*f + 10. Is r(b) composite?
True
Suppose -775362 = -82*g + 40*g. Is g a composite number?
False
Suppose 0 = 3*b - 5*u - 9 - 17, -3*b = u - 2. Is (3779 - 0) + b + 11 + -15 a prime number?
False
Let o = -443725 - -853754. Is o a prime number?
True
Let v(d) = -d**3 - 5*d**2 + 10*d - 1. Let a be v(-8). Let y = 331 - a. Suppose 5*p = 415 + y. Is p composite?
False
Suppose 4*s - 3072 = 2*s. Suppose -4*q - s = -4*f, 4*f + 0*q - 1526 = 2*q. Is (-9 + 5 - -4) + f composite?
False
Let j be 0/(-7) + 7 + -1. Suppose -j*a = -107584 + 17266. Is a a composite number?
False
Let v(o) = 52 - 3 + 299*o - 1. Is v(5) composite?
False
Let y = -72 - -109. Suppose -4*h + 40 = h + 5*i, 0 = -5*h - 4*i + y. Suppose h*s - 10416 = -4*t + 19613, -18014 = -3*s + t. Is s composite?
True
Let x = -7268 + 10195. Is x prime?
True
Suppose 0 = -3*w - 4*p + 8547, 2*w - 14291 = -3*w + p. Is w a prime number?
True
Suppose -3*h - 2*l - 51 = -4*l, 2*h - 5*l = -45. Let s be ((-9)/h)/((-2)/(-250)). Suppose -3*w + s + 3276 = 0. Is w prime?
True
Let c(z) be the third derivative of 293*z**4/4 + 37*z**3/6 - 18*z**2 + 1. Is c(4) a composite number?
False
Suppose 84 = 2*q + 4*r, -204 = -5*q - 2*r - 2*r. Is 35/q*2*1676 prime?
False
Let b = 27 + 18. Let q = b - 40. Suppose 0 = 2*v - q*v + 6117. Is v a composite number?
False
Let g(r) = r**3 + 6*r**2 + 7*r. Suppose -9*o - 20 = -2. Let t be g(o). Suppose 0 = 3*a + 2*j - 5501, t*a = -4*j - j + 3649. Is a a composite number?
True
Suppose 1683*n - 15 = 1688*n, -563558 = -4*r - 2*n. Is r prime?
True
Let f(z) = 6*z + 163. Let n be f(-25). Let y(q) = 1. Let u(x) = x**2 - 2*x + 12. Let v(i) = u(i) + 2*y(i). Is v(n) composite?
False
Suppose n - 10 + 7 = 0. Suppose -3623 = 4*a + n*f, 2*a + 0*a + 5*f + 1801 = 0. Let v = a - -1539. Is v a prime number?
True
Is 108002/22 + 504/(-2772) a composite number?
False
Suppose -2*h + j + 75 = -0*h, -6 = 2*j. Is 4 + h/(-6) - (-7998 + 3) composite?
False
Is (1034/(-220))/(-47) - 4176867/(-30) a composite number?
True
Let p be (0 + 1 + 231)*1. Suppose -2*z + 2346 = -1632. Let i = z - p. Is i composite?
True
Is ((-18)/(-108))/((-5)/(-521310)) prime?
True
Suppose 28 = -4*f - 4*g, -4*f = 4*g - 5*g + 33. Let v be -2401 + 4 + f + -3. Is v/32*(2 + -6) prime?
False
Let u be (-72760)/(-30) + (-2)/6. Let d = u - 1603. Let y = 1523 - d. Is y a prime number?
True
Suppose 2*f = 5*k + 6*f - 1060999, -3*k = 2*f - 636601. Is k prime?
True
Suppose 3*x = k + 43 + 19, 88 = 4*x + 4*k. Let i = x + -15. Suppose -i*m + 2056 = 2*m. Is m composite?
False
Let y be ((-5)/(-15))/((-1 + 0)/(-12)). Suppose 1082 = 2*a + t, 8*a - y*a - 2164 = -3*t. Is a a composite number?
False
Suppose 3*q - 765924 = -3*w, 4*w + 4*q - 1021272 = 8*q. Is w a composite number?
False
Suppose 2*a = 5*t - 3*t - 39324, -19660 = -t - a. Is t prime?
True
Is (754569/(-81))/((-1 - 1) + (-65)/(-33)) composite?
True
Let c be (-168)/(-36) + 4/3. Suppose -560 = c*b + 4*b. Is 3/(-2) + b/(-16) 